{"id":2375,"date":"2024-04-15T22:53:43","date_gmt":"2024-04-15T20:53:43","guid":{"rendered":"https:\/\/lejournaldesandy.fr\/?page_id=2375"},"modified":"2025-06-12T17:28:44","modified_gmt":"2025-06-12T15:28:44","slug":"my-life-part-2","status":"publish","type":"page","link":"https:\/\/lejournaldesandy.fr\/?page_id=2375","title":{"rendered":"My life part 2"},"content":{"rendered":"\n<h2 class=\"wp-block-heading\">2001<\/h2>\n\n\n\n<p class=\"wp-block-paragraph\">2001, suites\u2026 C&rsquo;est une ann\u00e9e quelque peu particuli\u00e8re, un nouvel \u00e9v\u00e8nement va venir se m\u00ealer \u00e0 une histoire d\u00e9j\u00e0 bien charg\u00e9e. La m\u00e8re de ma femme, atteinte de la maladie d&rsquo;Alzheimer depuis d\u00e9j\u00e0 environ deux ans, va mettre un tournant \u00e0 notre couple. En effet, ma femme fait la navette entre la maison et chez sa m\u00e8re, son \u00e9tat se d\u00e9grade et celle-ci n&rsquo;est plus en mesure de s&rsquo;assumer seule, elle se d\u00e9place difficilement, oublie les repas. Il faut prendre des mesures, mais quelles mesures, je vais donc prendre une d\u00e9cision des plus importantes, alors que nous sommes depuis quelques ann\u00e9es dans un logement des plus confortable et totalement adapt\u00e9 \u00e0 notre situation, je propose \u00e0 mon \u00e9pouse de d\u00e9m\u00e9nager, pour pouvoir prendre sa m\u00e8re \u00e0 la maison. Elle est tr\u00e8s surprise par ma proposition, mais accepte sans conditions, nous voila donc \u00e0 la recherche d&rsquo;une maison pouvant accueillir notre couple, sa m\u00e8re et en pr\u00e9vision de nos projets de vie, le futur enfant qu&rsquo;elle souhaite depuis d\u00e9j\u00e0 un certain temps. Le projet est ambitieux, mais pas insurmontable, nous travaillons tous les deux \u00e0 temps plein et salaire cumul\u00e9, nous avons plut\u00f4t des revenus confortables. Quelques mois vont s&rsquo;\u00e9couler malgr\u00e9 tout, mais nous arrivons \u00e0 trouver un pavillon avec trois chambres dont une au rez-de-chauss\u00e9e, c&rsquo;est typiquement ce dont on avait besoin. Par chance, j&rsquo;arrive \u00e0 n\u00e9gocier un mois de pr\u00e9avis de d\u00e9part aupr\u00e8s de notre bailleur \u00e0 la vue de la situation, ce qui, je ne le cache pas, nous facilite \u00e9norm\u00e9ment c\u00f4t\u00e9 financier. Encore une fois, un gros chantier s&rsquo;annonce, il va falloir faire du tri, impossible de rentrer deux appartements, le choix des meubles va devoir \u00eatre n\u00e9cessaire. De son c\u00f4t\u00e9, sa m\u00e8re poss\u00e8de une tr\u00e8s belle salle \u00e0 manger de type espagnole, en ch\u00eane massif, assorti d&rsquo;un bel ensemble canap\u00e9 fauteuils en cuir, les choix se font de mani\u00e8re \u00e0 d\u00e9stabiliser le moins possible ma belle-m\u00e8re, de ce fait, nous ne conservons que notre chambre et la cuisine. Le d\u00e9m\u00e9nagement ce fait printemps 2001.&nbsp;<\/p>\n\n\n\n<p class=\"wp-block-paragraph\">Durant toute cette p\u00e9riode, nous nous effor\u00e7ons \u00e0 ce que mon \u00e9pouse tombe enceinte, mais rien n&rsquo;y fait (<em>pourtant j&rsquo;y mets beaucoup de volont\u00e9<\/em>, \ud83d\ude12), sur conseil de son gyn\u00e9cologue, fin d&rsquo;ann\u00e9e, nous commen\u00e7ons tout un tas d&rsquo;examen, qui ne donne rien de probant. Aucun probl\u00e8me trouv\u00e9&#8230; \ud83e\udd37\u200d\u2640\ufe0f&nbsp;<\/p>\n\n\n\n<p class=\"wp-block-paragraph\">De mon c\u00f4t\u00e9, pas de changement, je m&rsquo;habille de plus en plus souvent en femme, et d\u00e9sormais, je ne porte plus que de la lingerie f\u00e9minine (string, bas r\u00e9sille), mes insomnies s&rsquo;aggravent de plus en plus, tr\u00e8s souvent, la nuit, je me l\u00e8ve, car il m&rsquo;est impossible de m&rsquo;endormir, je me pr\u00e9pare, et j&rsquo;enchaine les photos \u00e0 l&rsquo;aide de mon appareil photo num\u00e9rique, photos que je transf\u00e8rent sur mon ordinateur, pour pouvoir en disposer quand je n&rsquo;ai pas la chance de pouvoir me mouvoir comme bon me semble. Mes journ\u00e9es commencent \u00e0 \u00eatre mes pires cauchemars, je ne m&rsquo;assume pas du tout, seule mon \u00e9pouse est au courant de ma transidentit\u00e9, et jongl\u00e9 entre les moments avec sa m\u00e8re et mes besoins deviennent tr\u00e8s vite compliqu\u00e9s pour ma part, du fait que je dorme tr\u00e8s peu, j&rsquo;accumule beaucoup de fatigue, j&rsquo;ai r\u00e9guli\u00e8rement des crises d&rsquo;anxi\u00e9t\u00e9s que je g\u00e8re du mieux que je peux.<\/p>\n\n\n\n<h2 class=\"wp-block-heading\">2002<\/h2>\n\n\n\n<p class=\"wp-block-paragraph\">Une ann\u00e9e de plus, encore une ann\u00e9e des moins ordinaires, celle-ci va m&rsquo;apporter son lot de joie et de tristesse. Nous vivons tr\u00e8s bien dans notre nouveau pavillon, ma belle-m\u00e8re est tr\u00e8s peu d\u00e9rangeante, nos amis toujours pr\u00e9sents et ceux depuis plusieurs ann\u00e9es, bref une vie des plus ordinaire, pour des personnes ordinaires, ce qui est loin de mon cas, le train-train quotidien, la magnifique carte postale de la vie de famille parfaite. D&rsquo;un autre c\u00f4t\u00e9, je m&rsquo;enferme de plus en plus, mes obsessions deviennent de plus en plus forte, je commence \u00e0 prendre conscience de qui je suis r\u00e9ellement, mais je n&rsquo;ai toujours aucune id\u00e9e de comment r\u00e9soudre mes probl\u00e8mes d&rsquo;identit\u00e9, je n&rsquo;ai ni la force ni le courage de devenir qui je suis, j&rsquo;assume tant bien que mal mon r\u00f4le \u00a0\u00bb d&rsquo;homme de la maison\u00a0\u00bb, mais au fond de moi, je suis triste au plus haut point, je souhaiterais tellement que tout s&rsquo;arr\u00eate, ou que tout explose, mais mes recherches m&rsquo;ont fait comprendre que tout est loin d&rsquo;\u00eatre si simple.&nbsp;<\/p>\n\n\n\n<p class=\"wp-block-paragraph\">Cette ann\u00e9e, je vais trouver un projet auquel me raccrocher, m\u00eame si je n&rsquo;ai pas un bac en math, je comprends tr\u00e8s vite que vu le loyer que l&rsquo;on paye pour notre location, nous pourrions trouver un terrain sur lequel construire notre maison. Je me mets donc \u00e0 la recherche d&rsquo;un terrain, je ne souhaite pas vivre dans un lotissement, et quelque mois plus tard, je vais tomber sur \u00ab\u00a0l&rsquo;<em>annonce<\/em>\u00ab\u00a0, celle qui va me permettre de retrouver gout, de continuer. Depuis ma plus tendre enfance, chaque \u00e9t\u00e9, je me rends au lieu dit \u00ab\u00a0r\u00e9als\u00a0\u00bb, une rivi\u00e8re traverse cet endroit qui pour moi est magique. Fin d&rsquo;\u00e9t\u00e9, nous faisons donc l&rsquo;acquisition d&rsquo;un terrain \u00e0 l&#8217;emplacement d&rsquo;une ancienne vigne de 1200 m\u00e8tre carr\u00e9, non viabilis\u00e9, pour une somme des plus abordable. Cela me r\u00e9jouit \u00e9norm\u00e9ment, le d\u00e9fi, \u00e0 la hauteur de mes attentes&#8230;&nbsp;<\/p>\n\n\n\n<p class=\"wp-block-paragraph\">Seule ombre au tableau, mon \u00e9pouse n&rsquo;est toujours pas enceinte, ce malgr\u00e9 deux ins\u00e9minations et une multitude d&rsquo;examens, moi y compris&#8230;<\/p>\n\n\n\n<p class=\"wp-block-paragraph\">Durant cette m\u00eame p\u00e9riode, ce sont les vacances d&rsquo;\u00e9t\u00e9, mon \u00e9pouse et moi avons pr\u00e9vu d&rsquo;aller en Espagne rendre visite \u00e0 l&rsquo;une de ses tantes et \u00e0 ses cousins, accompagn\u00e9 de ma belle-m\u00e8re, c&rsquo;est la seule \u00e0 parler espagnole \ud83d\ude02. Nous avons pr\u00e9vu d&rsquo;y passer dix jours, donc il nous faut trouver une solution en ce qui concerne nos animaux domestiques, car nous avons deux chiens et deux chats. Solution vite trouv\u00e9e, ce sont mes parents qui vont venir \u00e0 la maison pendant notre absence. Jusque-l\u00e0, pas de probl\u00e8me, enfin, je n&rsquo;en voyais pas&#8230; Le jour du d\u00e9part arrive, et mon p\u00e8re va me faire une demande \u00e0 laquelle je ne peux lui dire non. \u00ab\u00a0<em>je peux me servir de ton ordinateur<\/em>\u00ab\u00a0.&nbsp; Bien \u00e9videmment que oui, sauf que dans celui-ci se trouve mon dossier photo, et sur le moment, je n&rsquo;ai vraiment pas vu de probl\u00e8me&#8230; Les vacances se passent parfaitement bien, nous passons de tr\u00e8s bons moments, tout le monde est ravi. Vient l&rsquo;heure du retour, et c&rsquo;est extr\u00eamement charg\u00e9 que nous rentrons direction la maison. Apr\u00e8s avoir conduit toute la nuit, nous arrivons \u00e0 B\u00e9ziers, nous y retrouvons mes parents. Nous dinons ensemble, discutons de notre s\u00e9jour, jusqu&rsquo;au moment o\u00f9 mon p\u00e8re demande \u00e0 me parler \u00e0 l&rsquo;\u00e9cart, je le suis&#8230; \u00c0 ce moment, je n&rsquo;ai aucune id\u00e9e du sujet sur lequel il veut \u00e9changer, mais je comprends tr\u00e8s vite quand il me dit \u00ab\u00a0<em>bon, je suis tomb\u00e9 sur ton dossier photo sur l&rsquo;ordi<\/em>\u00ab\u00a0, bien s\u00fbr&#8230; \ud83d\ude14 cette fois, je ne peux pas \u00e9viter la situation, nous \u00e9changeons sur mon mal-\u00eatre durant un bon quart d&rsquo;heure, mais cette fois-ci, pas de le\u00e7on de moral, il prend en compte mes besoins, les comprends. \u00c0 la fin de notre discussion, il me prend dans les bras, m&#8217;embrasse tendrement, et me dit \u00a0\u00bb <em>si \u00e7a te rend heureux, fais-le, mais surtout, fais bien attention \u00e0 toi<\/em>\u00ab\u00a0. Nous rentrons, et ma m\u00e8re n&rsquo;en saura toujours rien \u00e0 cette \u00e9poque, n&rsquo;ayant toujours pas fait mon coming-out, il va le garder pour lui, et puis le projet de la maison arrive, c&rsquo;est ensemble que \u00e7a va se faire&#8230;<\/p>\n\n\n\n<p class=\"wp-block-paragraph\">L&rsquo;automne pointe le bout de son nez, notre projet de maison avance, je travaille avec mon p\u00e8re sur les plans de notre future habitation. Elle sera simple, modeste, mais fonctionnelle. Dans le m\u00eame temps, mon \u00e9pouse d\u00e9cide d&rsquo;arr\u00eater tout traitement pour \u00eatre enceinte. Elle d\u00e9sesp\u00e8re, n&rsquo;arrive plus \u00e0 y croire. De mon c\u00f4t\u00e9, je me dis que c&rsquo;est un signe du destin\u2026 \ud83e\udd37\u200d\u2640\ufe0f<\/p>\n\n\n\n<p class=\"wp-block-paragraph\"><\/p>\n\n\n\n<h2 class=\"wp-block-heading\">2003<\/h2>\n\n\n\n<p class=\"wp-block-paragraph\"><\/p>\n\n\n\n<div style=\"height:100px\" aria-hidden=\"true\" class=\"wp-block-spacer\"><\/div>\n\n\n\n<h2 class=\"wp-block-heading\">Ecriture en cour&#8230;<\/h2>\n","protected":false},"excerpt":{"rendered":"<p>2001 2001, suites\u2026 C&rsquo;est une ann\u00e9e quelque peu particuli\u00e8re, un nouvel \u00e9v\u00e8nement va venir se m\u00ealer \u00e0 une histoire d\u00e9j\u00e0 bien charg\u00e9e. La m\u00e8re de ma femme, atteinte de la maladie d&rsquo;Alzheimer depuis d\u00e9j\u00e0 environ deux ans, va mettre un tournant \u00e0 notre couple. En effet, ma femme fait la navette entre la maison et&hellip; <br \/> <a class=\"read-more\" href=\"https:\/\/lejournaldesandy.fr\/?page_id=2375\">Lire la suite<\/a><\/p>\n","protected":false},"author":1,"featured_media":0,"parent":0,"menu_order":7,"comment_status":"closed","ping_status":"closed","template":"","meta":{"_crdt_document":"","footnotes":""},"class_list":["post-2375","page","type-page","status-publish","hentry"],"yoast_head":"<!-- This site is optimized with the Yoast SEO plugin v27.4 - https:\/\/yoast.com\/product\/yoast-seo-wordpress\/ -->\n<title>My life part 2 - le journal de Sandy<\/title>\n<meta name=\"robots\" content=\"index, follow, max-snippet:-1, max-image-preview:large, max-video-preview:-1\" \/>\n<link rel=\"canonical\" href=\"https:\/\/lejournaldesandy.fr\/?page_id=2375\" \/>\n<meta property=\"og:locale\" content=\"fr_FR\" \/>\n<meta property=\"og:type\" content=\"article\" \/>\n<meta property=\"og:title\" content=\"My life part 2 - le journal de Sandy\" \/>\n<meta property=\"og:description\" content=\"2001 2001, suites\u2026 C&rsquo;est une ann\u00e9e quelque peu particuli\u00e8re, un nouvel \u00e9v\u00e8nement va venir se m\u00ealer \u00e0 une histoire d\u00e9j\u00e0 bien charg\u00e9e. La m\u00e8re de ma femme, atteinte de la maladie d&rsquo;Alzheimer depuis d\u00e9j\u00e0 environ deux ans, va mettre un tournant \u00e0 notre couple. En effet, ma femme fait la navette entre la maison et&hellip; Lire la suite\" \/>\n<meta property=\"og:url\" content=\"https:\/\/lejournaldesandy.fr\/?page_id=2375\" \/>\n<meta property=\"og:site_name\" content=\"le journal de Sandy\" \/>\n<meta property=\"article:modified_time\" content=\"2025-06-12T15:28:44+00:00\" \/>\n<meta property=\"og:image\" content=\"https:\/\/i0.wp.com\/lejournaldesandy.fr\/wp-content\/uploads\/2023\/12\/cropped-Logo-2048-Copie-Petite-Icone-site.png?fit=512%2C512&ssl=1\" \/>\n\t<meta property=\"og:image:width\" content=\"512\" \/>\n\t<meta property=\"og:image:height\" content=\"512\" \/>\n\t<meta property=\"og:image:type\" content=\"image\/png\" \/>\n<meta name=\"twitter:card\" content=\"summary_large_image\" \/>\n<meta name=\"twitter:label1\" content=\"Dur\u00e9e de lecture estim\u00e9e\" \/>\n\t<meta name=\"twitter:data1\" content=\"7 minutes\" \/>\n<script type=\"application\/ld+json\" class=\"yoast-schema-graph\">{\"@context\":\"https:\\\/\\\/schema.org\",\"@graph\":[{\"@type\":\"WebPage\",\"@id\":\"https:\\\/\\\/lejournaldesandy.fr\\\/?page_id=2375\",\"url\":\"https:\\\/\\\/lejournaldesandy.fr\\\/?page_id=2375\",\"name\":\"My life part 2 - le journal de Sandy\",\"isPartOf\":{\"@id\":\"https:\\\/\\\/lejournaldesandy.fr\\\/#website\"},\"datePublished\":\"2024-04-15T20:53:43+00:00\",\"dateModified\":\"2025-06-12T15:28:44+00:00\",\"breadcrumb\":{\"@id\":\"https:\\\/\\\/lejournaldesandy.fr\\\/?page_id=2375#breadcrumb\"},\"inLanguage\":\"fr-FR\",\"potentialAction\":[{\"@type\":\"ReadAction\",\"target\":[\"https:\\\/\\\/lejournaldesandy.fr\\\/?page_id=2375\"]}]},{\"@type\":\"BreadcrumbList\",\"@id\":\"https:\\\/\\\/lejournaldesandy.fr\\\/?page_id=2375#breadcrumb\",\"itemListElement\":[{\"@type\":\"ListItem\",\"position\":1,\"name\":\"Accueil\",\"item\":\"https:\\\/\\\/lejournaldesandy.fr\\\/\"},{\"@type\":\"ListItem\",\"position\":2,\"name\":\"My life part 2\"}]},{\"@type\":\"WebSite\",\"@id\":\"https:\\\/\\\/lejournaldesandy.fr\\\/#website\",\"url\":\"https:\\\/\\\/lejournaldesandy.fr\\\/\",\"name\":\"le journal de Sandy\",\"description\":\"biographie; transition; MtF\",\"publisher\":{\"@id\":\"https:\\\/\\\/lejournaldesandy.fr\\\/#\\\/schema\\\/person\\\/3ac659e98587e504c234a67a929b1c43\"},\"potentialAction\":[{\"@type\":\"SearchAction\",\"target\":{\"@type\":\"EntryPoint\",\"urlTemplate\":\"https:\\\/\\\/lejournaldesandy.fr\\\/?s={search_term_string}\"},\"query-input\":{\"@type\":\"PropertyValueSpecification\",\"valueRequired\":true,\"valueName\":\"search_term_string\"}}],\"inLanguage\":\"fr-FR\"},{\"@type\":[\"Person\",\"Organization\"],\"@id\":\"https:\\\/\\\/lejournaldesandy.fr\\\/#\\\/schema\\\/person\\\/3ac659e98587e504c234a67a929b1c43\",\"name\":\"Sandy\",\"image\":{\"@type\":\"ImageObject\",\"inLanguage\":\"fr-FR\",\"@id\":\"https:\\\/\\\/i0.wp.com\\\/lejournaldesandy.fr\\\/wp-content\\\/uploads\\\/2023\\\/12\\\/cropped-Logo-2048-Copie-Petite-Icone-site.png?fit=512%2C512&ssl=1\",\"url\":\"https:\\\/\\\/i0.wp.com\\\/lejournaldesandy.fr\\\/wp-content\\\/uploads\\\/2023\\\/12\\\/cropped-Logo-2048-Copie-Petite-Icone-site.png?fit=512%2C512&ssl=1\",\"contentUrl\":\"https:\\\/\\\/i0.wp.com\\\/lejournaldesandy.fr\\\/wp-content\\\/uploads\\\/2023\\\/12\\\/cropped-Logo-2048-Copie-Petite-Icone-site.png?fit=512%2C512&ssl=1\",\"width\":512,\"height\":512,\"caption\":\"Sandy\"},\"logo\":{\"@id\":\"https:\\\/\\\/i0.wp.com\\\/lejournaldesandy.fr\\\/wp-content\\\/uploads\\\/2023\\\/12\\\/cropped-Logo-2048-Copie-Petite-Icone-site.png?fit=512%2C512&ssl=1\"},\"sameAs\":[\"http:\\\/\\\/lejournaldesandy.fr\"]}]}<\/script>\n<!-- \/ Yoast SEO plugin. -->","yoast_head_json":{"title":"My life part 2 - le journal de Sandy","robots":{"index":"index","follow":"follow","max-snippet":"max-snippet:-1","max-image-preview":"max-image-preview:large","max-video-preview":"max-video-preview:-1"},"canonical":"https:\/\/lejournaldesandy.fr\/?page_id=2375","og_locale":"fr_FR","og_type":"article","og_title":"My life part 2 - le journal de Sandy","og_description":"2001 2001, suites\u2026 C&rsquo;est une ann\u00e9e quelque peu particuli\u00e8re, un nouvel \u00e9v\u00e8nement va venir se m\u00ealer \u00e0 une histoire d\u00e9j\u00e0 bien charg\u00e9e. La m\u00e8re de ma femme, atteinte de la maladie d&rsquo;Alzheimer depuis d\u00e9j\u00e0 environ deux ans, va mettre un tournant \u00e0 notre couple. En effet, ma femme fait la navette entre la maison et&hellip; Lire la suite","og_url":"https:\/\/lejournaldesandy.fr\/?page_id=2375","og_site_name":"le journal de Sandy","article_modified_time":"2025-06-12T15:28:44+00:00","og_image":[{"width":512,"height":512,"url":"https:\/\/i0.wp.com\/lejournaldesandy.fr\/wp-content\/uploads\/2023\/12\/cropped-Logo-2048-Copie-Petite-Icone-site.png?fit=512%2C512&ssl=1","type":"image\/png"}],"twitter_card":"summary_large_image","twitter_misc":{"Dur\u00e9e de lecture estim\u00e9e":"7 minutes"},"schema":{"@context":"https:\/\/schema.org","@graph":[{"@type":"WebPage","@id":"https:\/\/lejournaldesandy.fr\/?page_id=2375","url":"https:\/\/lejournaldesandy.fr\/?page_id=2375","name":"My life part 2 - le journal de Sandy","isPartOf":{"@id":"https:\/\/lejournaldesandy.fr\/#website"},"datePublished":"2024-04-15T20:53:43+00:00","dateModified":"2025-06-12T15:28:44+00:00","breadcrumb":{"@id":"https:\/\/lejournaldesandy.fr\/?page_id=2375#breadcrumb"},"inLanguage":"fr-FR","potentialAction":[{"@type":"ReadAction","target":["https:\/\/lejournaldesandy.fr\/?page_id=2375"]}]},{"@type":"BreadcrumbList","@id":"https:\/\/lejournaldesandy.fr\/?page_id=2375#breadcrumb","itemListElement":[{"@type":"ListItem","position":1,"name":"Accueil","item":"https:\/\/lejournaldesandy.fr\/"},{"@type":"ListItem","position":2,"name":"My life part 2"}]},{"@type":"WebSite","@id":"https:\/\/lejournaldesandy.fr\/#website","url":"https:\/\/lejournaldesandy.fr\/","name":"le journal de Sandy","description":"biographie; transition; MtF","publisher":{"@id":"https:\/\/lejournaldesandy.fr\/#\/schema\/person\/3ac659e98587e504c234a67a929b1c43"},"potentialAction":[{"@type":"SearchAction","target":{"@type":"EntryPoint","urlTemplate":"https:\/\/lejournaldesandy.fr\/?s={search_term_string}"},"query-input":{"@type":"PropertyValueSpecification","valueRequired":true,"valueName":"search_term_string"}}],"inLanguage":"fr-FR"},{"@type":["Person","Organization"],"@id":"https:\/\/lejournaldesandy.fr\/#\/schema\/person\/3ac659e98587e504c234a67a929b1c43","name":"Sandy","image":{"@type":"ImageObject","inLanguage":"fr-FR","@id":"https:\/\/i0.wp.com\/lejournaldesandy.fr\/wp-content\/uploads\/2023\/12\/cropped-Logo-2048-Copie-Petite-Icone-site.png?fit=512%2C512&ssl=1","url":"https:\/\/i0.wp.com\/lejournaldesandy.fr\/wp-content\/uploads\/2023\/12\/cropped-Logo-2048-Copie-Petite-Icone-site.png?fit=512%2C512&ssl=1","contentUrl":"https:\/\/i0.wp.com\/lejournaldesandy.fr\/wp-content\/uploads\/2023\/12\/cropped-Logo-2048-Copie-Petite-Icone-site.png?fit=512%2C512&ssl=1","width":512,"height":512,"caption":"Sandy"},"logo":{"@id":"https:\/\/i0.wp.com\/lejournaldesandy.fr\/wp-content\/uploads\/2023\/12\/cropped-Logo-2048-Copie-Petite-Icone-site.png?fit=512%2C512&ssl=1"},"sameAs":["http:\/\/lejournaldesandy.fr"]}]}},"jetpack_sharing_enabled":true,"jetpack_likes_enabled":true,"_links":{"self":[{"href":"https:\/\/lejournaldesandy.fr\/index.php?rest_route=\/wp\/v2\/pages\/2375","targetHints":{"allow":["GET"]}}],"collection":[{"href":"https:\/\/lejournaldesandy.fr\/index.php?rest_route=\/wp\/v2\/pages"}],"about":[{"href":"https:\/\/lejournaldesandy.fr\/index.php?rest_route=\/wp\/v2\/types\/page"}],"author":[{"embeddable":true,"href":"https:\/\/lejournaldesandy.fr\/index.php?rest_route=\/wp\/v2\/users\/1"}],"replies":[{"embeddable":true,"href":"https:\/\/lejournaldesandy.fr\/index.php?rest_route=%2Fwp%2Fv2%2Fcomments&post=2375"}],"version-history":[{"count":8,"href":"https:\/\/lejournaldesandy.fr\/index.php?rest_route=\/wp\/v2\/pages\/2375\/revisions"}],"predecessor-version":[{"id":2498,"href":"https:\/\/lejournaldesandy.fr\/index.php?rest_route=\/wp\/v2\/pages\/2375\/revisions\/2498"}],"wp:attachment":[{"href":"https:\/\/lejournaldesandy.fr\/index.php?rest_route=%2Fwp%2Fv2%2Fmedia&parent=2375"}],"curies":[{"name":"wp","href":"https:\/\/api.w.org\/{rel}","templated":true}]}}