{"id":2646,"date":"2024-07-26T12:06:36","date_gmt":"2024-07-26T10:06:36","guid":{"rendered":"https:\/\/lejournaldesandy.fr\/?page_id=2646"},"modified":"2026-03-30T16:21:27","modified_gmt":"2026-03-30T14:21:27","slug":"parlement-europeen","status":"publish","type":"page","link":"https:\/\/lejournaldesandy.fr\/?page_id=2646","title":{"rendered":"Parlement Europ\u00e9en"},"content":{"rendered":"\n<div style=\"height:100px\" aria-hidden=\"true\" class=\"wp-block-spacer\"><\/div>\n\n\n\n<div data-wp-interactive=\"core\/file\" class=\"wp-block-file\"><object data-wp-bind--hidden=\"!state.hasPdfPreview\" hidden class=\"wp-block-file__embed\" data=\"https:\/\/lejournaldesandy.fr\/wp-content\/uploads\/2024\/07\/Egalite-des-personnes-lgbt-de-lunion-europeenne.pdf\" type=\"application\/pdf\" style=\"width:100%;height:600px\" aria-label=\"Contenu embarqu\u00e9 \u00c9galit\u00e9 des personnes lgbt de l&apos;union europ\u00e9enne.\"><\/object><a id=\"wp-block-file--media-f0ec2124-1654-47be-bb18-5cdbdecf4af7\" href=\"https:\/\/lejournaldesandy.fr\/wp-content\/uploads\/2024\/07\/Egalite-des-personnes-lgbt-de-lunion-europeenne.pdf\">\u00c9galit\u00e9 des personnes lgbt de l&rsquo;union europ\u00e9enne<\/a><a href=\"https:\/\/lejournaldesandy.fr\/wp-content\/uploads\/2024\/07\/Egalite-des-personnes-lgbt-de-lunion-europeenne.pdf\" class=\"wp-block-file__button wp-element-button\" download aria-describedby=\"wp-block-file--media-f0ec2124-1654-47be-bb18-5cdbdecf4af7\">T\u00e9l\u00e9charger<\/a><\/div>\n\n\n\n<div style=\"height:100px\" aria-hidden=\"true\" class=\"wp-block-spacer\"><\/div>\n\n\n\n<div data-wp-interactive=\"core\/file\" class=\"wp-block-file\"><object data-wp-bind--hidden=\"!state.hasPdfPreview\" hidden class=\"wp-block-file__embed\" data=\"https:\/\/lejournaldesandy.fr\/wp-content\/uploads\/2024\/07\/A-9-2024-0030_FR.pdf\" type=\"application\/pdf\" style=\"width:100%;height:600px\" aria-label=\"Contenu embarqu\u00e9 rapport de s\u00e9ance.\"><\/object><a id=\"wp-block-file--media-905fb9c9-172e-4068-a005-7d532c82d4cf\" href=\"https:\/\/lejournaldesandy.fr\/wp-content\/uploads\/2024\/07\/A-9-2024-0030_FR.pdf\">rapport de s\u00e9ance<\/a><a href=\"https:\/\/lejournaldesandy.fr\/wp-content\/uploads\/2024\/07\/A-9-2024-0030_FR.pdf\" class=\"wp-block-file__button wp-element-button\" download aria-describedby=\"wp-block-file--media-905fb9c9-172e-4068-a005-7d532c82d4cf\">T\u00e9l\u00e9charger<\/a><\/div>\n\n\n\n<div style=\"height:100px\" aria-hidden=\"true\" class=\"wp-block-spacer\"><\/div>\n\n\n\n<div data-wp-interactive=\"core\/file\" class=\"wp-block-file\"><object data-wp-bind--hidden=\"!state.hasPdfPreview\" hidden class=\"wp-block-file__embed\" data=\"https:\/\/lejournaldesandy.fr\/wp-content\/uploads\/2024\/07\/Droit-des-personnes-transgenres-dans-les-etats-membres-de-lunion-europeenne.pdf\" type=\"application\/pdf\" style=\"width:100%;height:600px\" aria-label=\"Contenu embarqu\u00e9 Droit des personnes transgenres dans les \u00e9tats membres de l&apos;union europ\u00e9enne.\"><\/object><a id=\"wp-block-file--media-288238e1-db4b-4696-bc87-ef7be72f6c6a\" href=\"https:\/\/lejournaldesandy.fr\/wp-content\/uploads\/2024\/07\/Droit-des-personnes-transgenres-dans-les-etats-membres-de-lunion-europeenne.pdf\">Droit des personnes transgenres dans les \u00e9tats membres de l&rsquo;union europ\u00e9enne<\/a><a href=\"https:\/\/lejournaldesandy.fr\/wp-content\/uploads\/2024\/07\/Droit-des-personnes-transgenres-dans-les-etats-membres-de-lunion-europeenne.pdf\" class=\"wp-block-file__button wp-element-button\" download aria-describedby=\"wp-block-file--media-288238e1-db4b-4696-bc87-ef7be72f6c6a\">T\u00e9l\u00e9charger<\/a><\/div>\n","protected":false},"excerpt":{"rendered":"","protected":false},"author":1,"featured_media":0,"parent":0,"menu_order":15,"comment_status":"closed","ping_status":"closed","template":"","meta":{"_crdt_document":"","footnotes":""},"class_list":["post-2646","page","type-page","status-publish","hentry"],"yoast_head":"<!-- This site is optimized with the Yoast SEO plugin v27.4 - https:\/\/yoast.com\/product\/yoast-seo-wordpress\/ -->\n<title>Parlement Europ\u00e9en - le journal de Sandy<\/title>\n<meta name=\"description\" content=\"L&#039;Europe et les droits LGBTQIA+ Retrouvez dans cette page les droits des personnes LGBTQIA+ dans les \u00c9tats membres de l&#039;Union europ\u00e9enne.\" \/>\n<meta name=\"robots\" content=\"index, follow, max-snippet:-1, max-image-preview:large, max-video-preview:-1\" \/>\n<link rel=\"canonical\" href=\"https:\/\/lejournaldesandy.fr\/?page_id=2646\" \/>\n<meta property=\"og:locale\" content=\"fr_FR\" \/>\n<meta property=\"og:type\" content=\"article\" \/>\n<meta property=\"og:title\" content=\"Parlement Europ\u00e9en - le journal de Sandy\" \/>\n<meta property=\"og:description\" content=\"L&#039;Europe et les droits LGBTQIA+ Retrouvez dans cette page les droits des personnes LGBTQIA+ dans les \u00c9tats membres de l&#039;Union europ\u00e9enne.\" \/>\n<meta property=\"og:url\" content=\"https:\/\/lejournaldesandy.fr\/?page_id=2646\" \/>\n<meta property=\"og:site_name\" content=\"le journal de Sandy\" \/>\n<meta property=\"article:modified_time\" content=\"2026-03-30T14:21:27+00:00\" \/>\n<meta property=\"og:image\" content=\"https:\/\/i0.wp.com\/lejournaldesandy.fr\/wp-content\/uploads\/2023\/12\/cropped-Logo-2048-Copie-Petite-Icone-site.png?fit=512%2C512&ssl=1\" \/>\n\t<meta property=\"og:image:width\" content=\"512\" \/>\n\t<meta property=\"og:image:height\" content=\"512\" \/>\n\t<meta property=\"og:image:type\" content=\"image\/png\" \/>\n<meta name=\"twitter:card\" content=\"summary_large_image\" \/>\n<meta name=\"twitter:label1\" content=\"Dur\u00e9e de lecture estim\u00e9e\" \/>\n\t<meta name=\"twitter:data1\" content=\"1 minute\" \/>\n<script type=\"application\/ld+json\" class=\"yoast-schema-graph\">{\"@context\":\"https:\\\/\\\/schema.org\",\"@graph\":[{\"@type\":\"WebPage\",\"@id\":\"https:\\\/\\\/lejournaldesandy.fr\\\/?page_id=2646\",\"url\":\"https:\\\/\\\/lejournaldesandy.fr\\\/?page_id=2646\",\"name\":\"Parlement Europ\u00e9en - le journal de Sandy\",\"isPartOf\":{\"@id\":\"https:\\\/\\\/lejournaldesandy.fr\\\/#website\"},\"datePublished\":\"2024-07-26T10:06:36+00:00\",\"dateModified\":\"2026-03-30T14:21:27+00:00\",\"description\":\"L'Europe et les droits LGBTQIA+ Retrouvez dans cette page les droits des personnes LGBTQIA+ dans les \u00c9tats membres de l'Union europ\u00e9enne.\",\"breadcrumb\":{\"@id\":\"https:\\\/\\\/lejournaldesandy.fr\\\/?page_id=2646#breadcrumb\"},\"inLanguage\":\"fr-FR\",\"potentialAction\":[{\"@type\":\"ReadAction\",\"target\":[\"https:\\\/\\\/lejournaldesandy.fr\\\/?page_id=2646\"]}]},{\"@type\":\"BreadcrumbList\",\"@id\":\"https:\\\/\\\/lejournaldesandy.fr\\\/?page_id=2646#breadcrumb\",\"itemListElement\":[{\"@type\":\"ListItem\",\"position\":1,\"name\":\"Accueil\",\"item\":\"https:\\\/\\\/lejournaldesandy.fr\\\/\"},{\"@type\":\"ListItem\",\"position\":2,\"name\":\"Parlement Europ\u00e9en\"}]},{\"@type\":\"WebSite\",\"@id\":\"https:\\\/\\\/lejournaldesandy.fr\\\/#website\",\"url\":\"https:\\\/\\\/lejournaldesandy.fr\\\/\",\"name\":\"le journal de Sandy\",\"description\":\"biographie; transition; MtF\",\"publisher\":{\"@id\":\"https:\\\/\\\/lejournaldesandy.fr\\\/#\\\/schema\\\/person\\\/3ac659e98587e504c234a67a929b1c43\"},\"potentialAction\":[{\"@type\":\"SearchAction\",\"target\":{\"@type\":\"EntryPoint\",\"urlTemplate\":\"https:\\\/\\\/lejournaldesandy.fr\\\/?s={search_term_string}\"},\"query-input\":{\"@type\":\"PropertyValueSpecification\",\"valueRequired\":true,\"valueName\":\"search_term_string\"}}],\"inLanguage\":\"fr-FR\"},{\"@type\":[\"Person\",\"Organization\"],\"@id\":\"https:\\\/\\\/lejournaldesandy.fr\\\/#\\\/schema\\\/person\\\/3ac659e98587e504c234a67a929b1c43\",\"name\":\"Sandy\",\"image\":{\"@type\":\"ImageObject\",\"inLanguage\":\"fr-FR\",\"@id\":\"https:\\\/\\\/i0.wp.com\\\/lejournaldesandy.fr\\\/wp-content\\\/uploads\\\/2023\\\/12\\\/cropped-Logo-2048-Copie-Petite-Icone-site.png?fit=512%2C512&ssl=1\",\"url\":\"https:\\\/\\\/i0.wp.com\\\/lejournaldesandy.fr\\\/wp-content\\\/uploads\\\/2023\\\/12\\\/cropped-Logo-2048-Copie-Petite-Icone-site.png?fit=512%2C512&ssl=1\",\"contentUrl\":\"https:\\\/\\\/i0.wp.com\\\/lejournaldesandy.fr\\\/wp-content\\\/uploads\\\/2023\\\/12\\\/cropped-Logo-2048-Copie-Petite-Icone-site.png?fit=512%2C512&ssl=1\",\"width\":512,\"height\":512,\"caption\":\"Sandy\"},\"logo\":{\"@id\":\"https:\\\/\\\/i0.wp.com\\\/lejournaldesandy.fr\\\/wp-content\\\/uploads\\\/2023\\\/12\\\/cropped-Logo-2048-Copie-Petite-Icone-site.png?fit=512%2C512&ssl=1\"},\"sameAs\":[\"http:\\\/\\\/lejournaldesandy.fr\"]}]}<\/script>\n<!-- \/ Yoast SEO plugin. -->","yoast_head_json":{"title":"Parlement Europ\u00e9en - le journal de Sandy","description":"L'Europe et les droits LGBTQIA+ Retrouvez dans cette page les droits des personnes LGBTQIA+ dans les \u00c9tats membres de l'Union europ\u00e9enne.","robots":{"index":"index","follow":"follow","max-snippet":"max-snippet:-1","max-image-preview":"max-image-preview:large","max-video-preview":"max-video-preview:-1"},"canonical":"https:\/\/lejournaldesandy.fr\/?page_id=2646","og_locale":"fr_FR","og_type":"article","og_title":"Parlement Europ\u00e9en - le journal de Sandy","og_description":"L'Europe et les droits LGBTQIA+ Retrouvez dans cette page les droits des personnes LGBTQIA+ dans les \u00c9tats membres de l'Union europ\u00e9enne.","og_url":"https:\/\/lejournaldesandy.fr\/?page_id=2646","og_site_name":"le journal de Sandy","article_modified_time":"2026-03-30T14:21:27+00:00","og_image":[{"width":512,"height":512,"url":"https:\/\/i0.wp.com\/lejournaldesandy.fr\/wp-content\/uploads\/2023\/12\/cropped-Logo-2048-Copie-Petite-Icone-site.png?fit=512%2C512&ssl=1","type":"image\/png"}],"twitter_card":"summary_large_image","twitter_misc":{"Dur\u00e9e de lecture estim\u00e9e":"1 minute"},"schema":{"@context":"https:\/\/schema.org","@graph":[{"@type":"WebPage","@id":"https:\/\/lejournaldesandy.fr\/?page_id=2646","url":"https:\/\/lejournaldesandy.fr\/?page_id=2646","name":"Parlement Europ\u00e9en - le journal de Sandy","isPartOf":{"@id":"https:\/\/lejournaldesandy.fr\/#website"},"datePublished":"2024-07-26T10:06:36+00:00","dateModified":"2026-03-30T14:21:27+00:00","description":"L'Europe et les droits LGBTQIA+ Retrouvez dans cette page les droits des personnes LGBTQIA+ dans les \u00c9tats membres de l'Union europ\u00e9enne.","breadcrumb":{"@id":"https:\/\/lejournaldesandy.fr\/?page_id=2646#breadcrumb"},"inLanguage":"fr-FR","potentialAction":[{"@type":"ReadAction","target":["https:\/\/lejournaldesandy.fr\/?page_id=2646"]}]},{"@type":"BreadcrumbList","@id":"https:\/\/lejournaldesandy.fr\/?page_id=2646#breadcrumb","itemListElement":[{"@type":"ListItem","position":1,"name":"Accueil","item":"https:\/\/lejournaldesandy.fr\/"},{"@type":"ListItem","position":2,"name":"Parlement Europ\u00e9en"}]},{"@type":"WebSite","@id":"https:\/\/lejournaldesandy.fr\/#website","url":"https:\/\/lejournaldesandy.fr\/","name":"le journal de Sandy","description":"biographie; transition; MtF","publisher":{"@id":"https:\/\/lejournaldesandy.fr\/#\/schema\/person\/3ac659e98587e504c234a67a929b1c43"},"potentialAction":[{"@type":"SearchAction","target":{"@type":"EntryPoint","urlTemplate":"https:\/\/lejournaldesandy.fr\/?s={search_term_string}"},"query-input":{"@type":"PropertyValueSpecification","valueRequired":true,"valueName":"search_term_string"}}],"inLanguage":"fr-FR"},{"@type":["Person","Organization"],"@id":"https:\/\/lejournaldesandy.fr\/#\/schema\/person\/3ac659e98587e504c234a67a929b1c43","name":"Sandy","image":{"@type":"ImageObject","inLanguage":"fr-FR","@id":"https:\/\/i0.wp.com\/lejournaldesandy.fr\/wp-content\/uploads\/2023\/12\/cropped-Logo-2048-Copie-Petite-Icone-site.png?fit=512%2C512&ssl=1","url":"https:\/\/i0.wp.com\/lejournaldesandy.fr\/wp-content\/uploads\/2023\/12\/cropped-Logo-2048-Copie-Petite-Icone-site.png?fit=512%2C512&ssl=1","contentUrl":"https:\/\/i0.wp.com\/lejournaldesandy.fr\/wp-content\/uploads\/2023\/12\/cropped-Logo-2048-Copie-Petite-Icone-site.png?fit=512%2C512&ssl=1","width":512,"height":512,"caption":"Sandy"},"logo":{"@id":"https:\/\/i0.wp.com\/lejournaldesandy.fr\/wp-content\/uploads\/2023\/12\/cropped-Logo-2048-Copie-Petite-Icone-site.png?fit=512%2C512&ssl=1"},"sameAs":["http:\/\/lejournaldesandy.fr"]}]}},"jetpack_sharing_enabled":true,"jetpack_likes_enabled":true,"_links":{"self":[{"href":"https:\/\/lejournaldesandy.fr\/index.php?rest_route=\/wp\/v2\/pages\/2646","targetHints":{"allow":["GET"]}}],"collection":[{"href":"https:\/\/lejournaldesandy.fr\/index.php?rest_route=\/wp\/v2\/pages"}],"about":[{"href":"https:\/\/lejournaldesandy.fr\/index.php?rest_route=\/wp\/v2\/types\/page"}],"author":[{"embeddable":true,"href":"https:\/\/lejournaldesandy.fr\/index.php?rest_route=\/wp\/v2\/users\/1"}],"replies":[{"embeddable":true,"href":"https:\/\/lejournaldesandy.fr\/index.php?rest_route=%2Fwp%2Fv2%2Fcomments&post=2646"}],"version-history":[{"count":2,"href":"https:\/\/lejournaldesandy.fr\/index.php?rest_route=\/wp\/v2\/pages\/2646\/revisions"}],"predecessor-version":[{"id":2652,"href":"https:\/\/lejournaldesandy.fr\/index.php?rest_route=\/wp\/v2\/pages\/2646\/revisions\/2652"}],"wp:attachment":[{"href":"https:\/\/lejournaldesandy.fr\/index.php?rest_route=%2Fwp%2Fv2%2Fmedia&parent=2646"}],"curies":[{"name":"wp","href":"https:\/\/api.w.org\/{rel}","templated":true}]}}

Parlement Européen

<div style="height:100px" aria-hidden="true" class="wp-block-spacer"></div>



<div data-wp-interactive="core/file" class="wp-block-file"><object data-wp-bind--hidden="!state.hasPdfPreview" hidden class="wp-block-file__embed" data="https://lejournaldesandy.fr/wp-content/uploads/2024/07/Egalite-des-personnes-lgbt-de-lunion-europeenne.pdf" type="application/pdf" style="width:100%;height:600px" aria-label="Contenu embarqué Égalité des personnes lgbt de l&apos;union européenne."></object><a id="wp-block-file--media-f0ec2124-1654-47be-bb18-5cdbdecf4af7" href="https://lejournaldesandy.fr/wp-content/uploads/2024/07/Egalite-des-personnes-lgbt-de-lunion-europeenne.pdf">Égalité des personnes lgbt de l&rsquo;union européenne</a><a href="https://lejournaldesandy.fr/wp-content/uploads/2024/07/Egalite-des-personnes-lgbt-de-lunion-europeenne.pdf" class="wp-block-file__button wp-element-button" download aria-describedby="wp-block-file--media-f0ec2124-1654-47be-bb18-5cdbdecf4af7">Télécharger</a></div>



<div style="height:100px" aria-hidden="true" class="wp-block-spacer"></div>



<div data-wp-interactive="core/file" class="wp-block-file"><object data-wp-bind--hidden="!state.hasPdfPreview" hidden class="wp-block-file__embed" data="https://lejournaldesandy.fr/wp-content/uploads/2024/07/A-9-2024-0030_FR.pdf" type="application/pdf" style="width:100%;height:600px" aria-label="Contenu embarqué rapport de séance."></object><a id="wp-block-file--media-905fb9c9-172e-4068-a005-7d532c82d4cf" href="https://lejournaldesandy.fr/wp-content/uploads/2024/07/A-9-2024-0030_FR.pdf">rapport de séance</a><a href="https://lejournaldesandy.fr/wp-content/uploads/2024/07/A-9-2024-0030_FR.pdf" class="wp-block-file__button wp-element-button" download aria-describedby="wp-block-file--media-905fb9c9-172e-4068-a005-7d532c82d4cf">Télécharger</a></div>



<div style="height:100px" aria-hidden="true" class="wp-block-spacer"></div>



<div data-wp-interactive="core/file" class="wp-block-file"><object data-wp-bind--hidden="!state.hasPdfPreview" hidden class="wp-block-file__embed" data="https://lejournaldesandy.fr/wp-content/uploads/2024/07/Droit-des-personnes-transgenres-dans-les-etats-membres-de-lunion-europeenne.pdf" type="application/pdf" style="width:100%;height:600px" aria-label="Contenu embarqué Droit des personnes transgenres dans les états membres de l&apos;union européenne."></object><a id="wp-block-file--media-288238e1-db4b-4696-bc87-ef7be72f6c6a" href="https://lejournaldesandy.fr/wp-content/uploads/2024/07/Droit-des-personnes-transgenres-dans-les-etats-membres-de-lunion-europeenne.pdf">Droit des personnes transgenres dans les états membres de l&rsquo;union européenne</a><a href="https://lejournaldesandy.fr/wp-content/uploads/2024/07/Droit-des-personnes-transgenres-dans-les-etats-membres-de-lunion-europeenne.pdf" class="wp-block-file__button wp-element-button" download aria-describedby="wp-block-file--media-288238e1-db4b-4696-bc87-ef7be72f6c6a">Télécharger</a></div>

<!-- This site is optimized with the Yoast SEO plugin v27.4 - https://yoast.com/product/yoast-seo-wordpress/ -->
<title>Parlement Européen - le journal de Sandy</title>
<meta name="description" content="L&#039;Europe et les droits LGBTQIA+ Retrouvez dans cette page les droits des personnes LGBTQIA+ dans les États membres de l&#039;Union européenne." />
<meta name="robots" content="index, follow, max-snippet:-1, max-image-preview:large, max-video-preview:-1" />
<link rel="canonical" href="https://lejournaldesandy.fr/?page_id=2646" />
<meta property="og:locale" content="fr_FR" />
<meta property="og:type" content="article" />
<meta property="og:title" content="Parlement Européen - le journal de Sandy" />
<meta property="og:description" content="L&#039;Europe et les droits LGBTQIA+ Retrouvez dans cette page les droits des personnes LGBTQIA+ dans les États membres de l&#039;Union européenne." />
<meta property="og:url" content="https://lejournaldesandy.fr/?page_id=2646" />
<meta property="og:site_name" content="le journal de Sandy" />
<meta property="article:modified_time" content="2026-03-30T14:21:27+00:00" />
<meta property="og:image" content="https://i0.wp.com/lejournaldesandy.fr/wp-content/uploads/2023/12/cropped-Logo-2048-Copie-Petite-Icone-site.png?fit=512%2C512&ssl=1" />
	<meta property="og:image:width" content="512" />
	<meta property="og:image:height" content="512" />
	<meta property="og:image:type" content="image/png" />
<meta name="twitter:card" content="summary_large_image" />
<meta name="twitter:label1" content="Durée de lecture estimée" />
	<meta name="twitter:data1" content="1 minute" />
<script type="application/ld+json" class="yoast-schema-graph">{"@context":"https:\/\/schema.org","@graph":[{"@type":"WebPage","@id":"https:\/\/lejournaldesandy.fr\/?page_id=2646","url":"https:\/\/lejournaldesandy.fr\/?page_id=2646","name":"Parlement Européen - le journal de Sandy","isPartOf":{"@id":"https:\/\/lejournaldesandy.fr\/#website"},"datePublished":"2024-07-26T10:06:36+00:00","dateModified":"2026-03-30T14:21:27+00:00","description":"L'Europe et les droits LGBTQIA+ Retrouvez dans cette page les droits des personnes LGBTQIA+ dans les États membres de l'Union européenne.","breadcrumb":{"@id":"https:\/\/lejournaldesandy.fr\/?page_id=2646#breadcrumb"},"inLanguage":"fr-FR","potentialAction":[{"@type":"ReadAction","target":["https:\/\/lejournaldesandy.fr\/?page_id=2646"]}]},{"@type":"BreadcrumbList","@id":"https:\/\/lejournaldesandy.fr\/?page_id=2646#breadcrumb","itemListElement":[{"@type":"ListItem","position":1,"name":"Accueil","item":"https:\/\/lejournaldesandy.fr\/"},{"@type":"ListItem","position":2,"name":"Parlement Européen"}]},{"@type":"WebSite","@id":"https:\/\/lejournaldesandy.fr\/#website","url":"https:\/\/lejournaldesandy.fr\/","name":"le journal de Sandy","description":"biographie; transition; MtF","publisher":{"@id":"https:\/\/lejournaldesandy.fr\/#\/schema\/person\/3ac659e98587e504c234a67a929b1c43"},"potentialAction":[{"@type":"SearchAction","target":{"@type":"EntryPoint","urlTemplate":"https:\/\/lejournaldesandy.fr\/?s={search_term_string}"},"query-input":{"@type":"PropertyValueSpecification","valueRequired":true,"valueName":"search_term_string"}}],"inLanguage":"fr-FR"},{"@type":["Person","Organization"],"@id":"https:\/\/lejournaldesandy.fr\/#\/schema\/person\/3ac659e98587e504c234a67a929b1c43","name":"Sandy","image":{"@type":"ImageObject","inLanguage":"fr-FR","@id":"https:\/\/i0.wp.com\/lejournaldesandy.fr\/wp-content\/uploads\/2023\/12\/cropped-Logo-2048-Copie-Petite-Icone-site.png?fit=512%2C512&ssl=1","url":"https:\/\/i0.wp.com\/lejournaldesandy.fr\/wp-content\/uploads\/2023\/12\/cropped-Logo-2048-Copie-Petite-Icone-site.png?fit=512%2C512&ssl=1","contentUrl":"https:\/\/i0.wp.com\/lejournaldesandy.fr\/wp-content\/uploads\/2023\/12\/cropped-Logo-2048-Copie-Petite-Icone-site.png?fit=512%2C512&ssl=1","width":512,"height":512,"caption":"Sandy"},"logo":{"@id":"https:\/\/i0.wp.com\/lejournaldesandy.fr\/wp-content\/uploads\/2023\/12\/cropped-Logo-2048-Copie-Petite-Icone-site.png?fit=512%2C512&ssl=1"},"sameAs":["http:\/\/lejournaldesandy.fr"]}]}</script>
<!-- / Yoast SEO plugin. -->

Parlement Européen - le journal de Sandy

L'Europe et les droits LGBTQIA+ Retrouvez dans cette page les droits des personnes LGBTQIA+ dans les États membres de l'Union européenne.
