{"id":2937,"date":"2025-06-12T17:09:16","date_gmt":"2025-06-12T15:09:16","guid":{"rendered":"https:\/\/lejournaldesandy.fr\/?page_id=2937"},"modified":"2026-04-09T22:59:00","modified_gmt":"2026-04-09T20:59:00","slug":"partenaires","status":"publish","type":"page","link":"https:\/\/lejournaldesandy.fr\/?page_id=2937","title":{"rendered":"Partenaire(s)"},"content":{"rendered":"\n<div class=\"wp-block-media-text is-stacked-on-mobile\"><figure class=\"wp-block-media-text__media\"><img data-recalc-dims=\"1\" decoding=\"async\" src=\"https:\/\/i0.wp.com\/lejournaldesandy.fr\/wp-content\/uploads\/2026\/04\/Logo-V2-500x500-1.webp?w=3840&#038;ssl=1\" alt=\"Logo le petit site web\" class=\"wp-image-2946 size-full\"\/><\/figure><div class=\"wp-block-media-text__content\">\n<p class=\"wp-block-paragraph\">Plus d&rsquo;info \u25ba <a href=\"https:\/\/lepetitsiteweb.fr\/\"style=\"color:#FF33ED;\" target=\"_blank\" rel=\"noreferrer noopener\">www.lepetitsiteweb.fr<\/a><\/p>\n\n\n\n<p class=\"wp-block-paragraph\">Cr\u00e9ez un site web unique, rapide et professionnel\nTrouvez un site qui vous ressemble !\nLe Petit Site Web cr\u00e9e des sites vitrine modernes, efficaces et personnalis\u00e9s pour artisans, ind\u00e9pendants, les petites entreprises et les associations.\n\nDesign soign\u00e9, r\u00e9f\u00e9rencement optimis\u00e9 et accompagnement sur mesure pour d\u00e9velopper votre pr\u00e9sence en ligne en toute simplicit\u00e9.<\/p>\n<\/div><\/div>\n\n<div style=\"height: 100px; display: flex; align-items: center; justify-content: center;\">\n    <div style=\"width: 80%; height: 5px; background: linear-gradient(to right, transparent, #ad7fc1, transparent); border-radius: 5px;\"><\/div>\n<\/div>\n\n<div class=\"wp-block-media-text is-stacked-on-mobile\"><figure class=\"wp-block-media-text__media\"><img data-recalc-dims=\"1\" loading=\"lazy\" decoding=\"async\" width=\"417\" height=\"434\" src=\"https:\/\/i0.wp.com\/lejournaldesandy.fr\/wp-content\/uploads\/2025\/06\/powerlicorne.jpg?resize=417%2C434&#038;ssl=1\" alt=\"\" class=\"wp-image-2946 size-full\" srcset=\"https:\/\/i0.wp.com\/lejournaldesandy.fr\/wp-content\/uploads\/2025\/06\/powerlicorne.jpg?w=417&amp;ssl=1 417w, https:\/\/i0.wp.com\/lejournaldesandy.fr\/wp-content\/uploads\/2025\/06\/powerlicorne.jpg?resize=288%2C300&amp;ssl=1 288w\" sizes=\"auto, (max-width: 417px) 100vw, 417px\" \/><\/figure><div class=\"wp-block-media-text__content\">\n<p class=\"wp-block-paragraph\">Plus d&rsquo;info \u25ba <a href=\"https:\/\/powerlicorne.fr\/\"style=\"color:#FF33ED;\" target=\"_blank\" rel=\"noreferrer noopener\">www.powerlicorne.fr<\/a><\/p>\n\n\n\n<p class=\"wp-block-paragraph\">C\u2019est une association originale qui a pour but de donner une visibilit\u00e9 \u00e0 toutes les personnes LGBTQIAP+, de privil\u00e9gier la cr\u00e9ativit\u00e9 et l\u2019inclusion par des actions culturelles artistiques.<\/p>\n<\/div><\/div>\n","protected":false},"excerpt":{"rendered":"<p>Plus d&rsquo;info \u25ba www.lepetitsiteweb.fr Cr\u00e9ez un site web unique, rapide et professionnel Trouvez un site qui vous ressemble ! Le Petit Site Web cr\u00e9e des sites vitrine modernes, efficaces et personnalis\u00e9s pour artisans, ind\u00e9pendants, les petites entreprises et les associations. Design soign\u00e9, r\u00e9f\u00e9rencement optimis\u00e9 et accompagnement sur mesure pour d\u00e9velopper votre pr\u00e9sence en ligne en&hellip; <br \/> <a class=\"read-more\" href=\"https:\/\/lejournaldesandy.fr\/?page_id=2937\">Lire la suite<\/a><\/p>\n","protected":false},"author":1,"featured_media":0,"parent":0,"menu_order":3,"comment_status":"closed","ping_status":"closed","template":"","meta":{"_crdt_document":"{\"document\":\"AAAG+7D7xB9WQAgcskUEAgECCgEHSiACAQIKAkIASgCuBAECCgJCStAFgBEBAgpKABABAgoBB0ogAgECCgJCAEoApgQBAgoCQkoAYSgDJwAEACcABAAnACgEJwAoACcABwAoAycAKAknAAcAKAMnAQQAKAEnAIcAKAMnAQQAKAAnAIcAKAMnACgAJwCHACgDJwAoCScABwAoAycBBAAoAScAhwAoAycBBAAoACenILUfc3RhdGV2ZXJzaW9uZG9jdW1lbnRkYXRlZG9jdW1lbnRzbHVnZG9jdW1lbnRzdGF0dXNkb2N1bWVudHRpdGxlUGFydGVuYWlyZShzKWRvY3VtZW50Y29udGVudDwhLS0gd3A6bWVkaWEtdGV4dCB7Im1lZGlhSWQiOjI5NDYsIm1lZGlhTGluayI6Imh0dHBzOi8vbGVqb3VybmFsZGVzYW5keS5mci8\/YXR0YWNobWVudF9pZD0yOTQ2IiwibWVkaWFUeXBlIjoiaW1hZ2UifSAtLT4KPGRpdiBjbGFzcz0id3AtYmxvY2stbWVkaWEtdGV4dCBpcy1zdGFja2VkLW9uLW1vYmlsZSI+PGZpZ3VyZSBjbGFzcz0id3AtYmxvY2stbWVkaWEtdGV4dF9fbWVkaWEiPjxpbWcgc3JjPSJodHRwczovL2xlam91cm5hbGRlc2FuZHkuZnIvd3AtY29udGVudC91cGxvYWRzLzIwMjYvMDQvTG9nby1WMi01MDB4NTAwLTEud2VicCIgYWx0PSJMb2dvIGxlIHBldGl0IHNpdGUgd2ViIiBjbGFzcz0id3AtaW1hZ2UtMjk0NiBzaXplLWZ1bGwiLz48L2ZpZ3VyZT48ZGl2IGNsYXNzPSJ3cC1ibG9jay1tZWRpYS10ZXh0X19jb250ZW50Ij48IS0tIHdwOnBhcmFncmFwaCB7InBsYWNlaG9sZGVyIjoiQ29udGVudeKApiJ9IC0tPgo8cD5QbHVzIGQnaW5mbyDilrogPGEgaHJlZj0iaHR0cHM6Ly9sZXBldGl0c2l0ZXdlYi5mci8ic3R5bGU9ImNvbG9yOiNGRjMzRUQ7IiB0YXJnZXQ9Il9ibGFuayIgcmVsPSJub3JlZmVycmVyIG5vb3BlbmVyIj53d3cubGVwZXRpdHNpdGV3ZWIuZnI8L2E+PC9wPgo8IS0tIC93cDpwYXJhZ3JhcGggLS0+Cgo8IS0tIHdwOnBhcmFncmFwaCAtLT4KPHA+Q3LDqWV6IHVuIHNpdGUgd2ViIHVuaXF1ZSwgcmFwaWRlIGV0IHByb2Zlc3Npb25uZWwKVHJvdXZleiB1biBzaXRlIHF1aSB2b3VzIHJlc3NlbWJsZSAhCkxlIFBldGl0IFNpdGUgV2ViIGNyw6llIGRlcyBzaXRlcyB2aXRyaW5lIG1vZGVybmVzLCBlZmZpY2FjZXMgZXQgcGVyc29ubmFsaXPDqXMgcG91ciBhcnRpc2FucywgaW5kw6lwZW5kYW50cywgbGVzIHBldGl0ZXMgZW50cmVwcmlzZXMgZXQgbGVzIGFzc29jaWF0aW9ucy4KCkRlc2lnbiBzb2lnbsOpLCByw6lmw6lyZW5jZW1lbnQgb3B0aW1pc8OpIGV0IGFjY29tcGFnbmVtZW50IHN1ciBtZXN1cmUgcG91ciBkw6l2ZWxvcHBlciB2b3RyZSBwcsOpc2VuY2UgZW4gbGlnbmUgZW4gdG91dGUgc2ltcGxpY2l0w6kuPC9wPgo8IS0tIC93cDpwYXJhZ3JhcGggLS0+PC9kaXY+PC9kaXY+CjwhLS0gL3dwOm1lZGlhLXRleHQgLS0+CjxkaXYgc3R5bGU9ImhlaWdodDogMTAwcHg7IGRpc3BsYXk6IGZsZXg7IGFsaWduLWl0ZW1zOiBjZW50ZXI7IGp1c3RpZnktY29udGVudDogY2VudGVyOyI+CiAgICA8ZGl2IHN0eWxlPSJ3aWR0aDogODAlOyBoZWlnaHQ6IDVweDsgYmFja2dyb3VuZDogbGluZWFyLWdyYWRpZW50KHRvIHJpZ2h0LCB0cmFuc3BhcmVudCwgI2FkN2ZjMSwgdHJhbnNwYXJlbnQpOyBib3JkZXItcmFkaXVzOiA1cHg7Ij48L2Rpdj4KPC9kaXY+CjwhLS0gd3A6bWVkaWEtdGV4dCB7Im1lZGlhSWQiOjI5NDYsIm1lZGlhTGluayI6Imh0dHBzOi8vbGVqb3VybmFsZGVzYW5keS5mci8\/YXR0YWNobWVudF9pZD0yOTQ2IiwibWVkaWFUeXBlIjoiaW1hZ2UifSAtLT4KPGRpdiBjbGFzcz0id3AtYmxvY2stbWVkaWEtdGV4dCBpcy1zdGFja2VkLW9uLW1vYmlsZSI+PGZpZ3VyZSBjbGFzcz0id3AtYmxvY2stbWVkaWEtdGV4dF9fbWVkaWEiPjxpbWcgc3JjPSJodHRwczovL2xlam91cm5hbGRlc2FuZHkuZnIvd3AtY29udGVudC91cGxvYWRzLzIwMjUvMDYvcG93ZXJsaWNvcm5lLmpwZyIgYWx0PSIiIGNsYXNzPSJ3cC1pbWFnZS0yOTQ2IHNpemUtZnVsbCIvPjwvZmlndXJlPjxkaXYgY2xhc3M9IndwLWJsb2NrLW1lZGlhLXRleHRfX2NvbnRlbnQiPjwhLS0gd3A6cGFyYWdyYXBoIHsicGxhY2Vob2xkZXIiOiJDb250ZW514oCmIn0gLS0+CjxwPlBsdXMgZCdpbmZvIOKWuiA8YSBocmVmPSJodHRwczovL3Bvd2VybGljb3JuZS5mci8ic3R5bGU9ImNvbG9yOiNGRjMzRUQ7IiB0YXJnZXQ9Il9ibGFuayIgcmVsPSJub3JlZmVycmVyIG5vb3BlbmVyIj53d3cucG93ZXJsaWNvcm5lLmZyPC9hPjwvcD4KPCEtLSAvd3A6cGFyYWdyYXBoIC0tPgoKPCEtLSB3cDpwYXJhZ3JhcGggLS0+CjxwPkPigJllc3QgdW5lIGFzc29jaWF0aW9uIG9yaWdpbmFsZSBxdWkgYSBwb3VyIGJ1dCBkZSBkb25uZXIgdW5lIHZpc2liaWxpdMOpIMOgIHRvdXRlcyBsZXMgcGVyc29ubmVzIExHQlRRSUFQKywgZGUgcHJpdmlsw6lnaWVyIGxhIGNyw6lhdGl2aXTDqSBldCBs4oCZaW5jbHVzaW9uIHBhciBkZXMgYWN0aW9ucyBjdWx0dXJlbGxlcyBhcnRpc3RpcXVlcy48L3A+CjwhLS0gL3dwOnBhcmFncmFwaCAtLT48L2Rpdj48L2Rpdj4KPCEtLSAvd3A6bWVkaWEtdGV4dCAtLT5kb2N1bWVudGV4Y2VycHRkb2N1bWVudGF1dGhvcmRvY3VtZW50ZmVhdHVyZWRfbWVkaWFkb2N1bWVudGNvbW1lbnRfc3RhdHVzZG9jdW1lbnRwaW5nX3N0YXR1c2RvY3VtZW50dGVtcGxhdGVkb2N1bWVudG1ldGFmb290bm90ZXNkb2N1bWVudGJsb2Nrc2NsaWVudElkaXNWYWxpZG9yaWdpbmFsQ29udGVudG5hbWVhdHRyaWJ1dGVzYWxpZ25tZWRpYUFsdG1lZGlhUG9zaXRpb25tZWRpYUlkbWVkaWFVcmxtZWRpYUxpbmttZWRpYVR5cGVtZWRpYVdpZHRoaXNTdGFja2VkT25Nb2JpbGV1c2VGZWF0dXJlZEltYWdlaW5uZXJCbG9ja3NjbGllbnRJZGlzVmFsaWRvcmlnaW5hbENvbnRlbnRuYW1lYXR0cmlidXRlc2NvbnRlbnRQbHVzIGQnaW5mbyDilrogPGEgaHJlZj0iaHR0cHM6Ly9sZXBldGl0c2l0ZXdlYi5mci8iIHN0eWxlPSJjb2xvcjojRkYzM0VEOyIgdGFyZ2V0PSJfYmxhbmsiIHJlbD0ibm9yZWZlcnJlciBub29wZW5lciI+d3d3LmxlcGV0aXRzaXRld2ViLmZyPC9hPmRyb3BDYXBwbGFjZWhvbGRlcmlubmVyQmxvY2tzY2xpZW50SWRpc1ZhbGlkb3JpZ2luYWxDb250ZW50bmFtZWF0dHJpYnV0ZXNjb250ZW50Q3LDqWV6IHVuIHNpdGUgd2ViIHVuaXF1ZSwgcmFwaWRlIGV0IHByb2Zlc3Npb25uZWwKVHJvdXZleiB1biBzaXRlIHF1aSB2b3VzIHJlc3NlbWJsZSAhCkxlIFBldGl0IFNpdGUgV2ViIGNyw6llIGRlcyBzaXRlcyB2aXRyaW5lIG1vZGVybmVzLCBlZmZpY2FjZXMgZXQgcGVyc29ubmFsaXPDqXMgcG91ciBhcnRpc2FucywgaW5kw6lwZW5kYW50cywgbGVzIHBldGl0ZXMgZW50cmVwcmlzZXMgZXQgbGVzIGFzc29jaWF0aW9ucy4KCkRlc2lnbiBzb2lnbsOpLCByw6lmw6lyZW5jZW1lbnQgb3B0aW1pc8OpIGV0IGFjY29tcGFnbmVtZW50IHN1ciBtZXN1cmUgcG91ciBkw6l2ZWxvcHBlciB2b3RyZSBwcsOpc2VuY2UgZW4gbGlnbmUgZW4gdG91dGUgc2ltcGxpY2l0w6kuZHJvcENhcGlubmVyQmxvY2tzY2xpZW50SWRpc1ZhbGlkb3JpZ2luYWxDb250ZW50bmFtZWF0dHJpYnV0ZXNjb250ZW50aW5uZXJCbG9ja3NjbGllbnRJZGlzVmFsaWRvcmlnaW5hbENvbnRlbnRuYW1lYXR0cmlidXRlc2FsaWdubWVkaWFBbHRtZWRpYVBvc2l0aW9ubWVkaWFJZG1lZGlhVXJsbWVkaWFMaW5rbWVkaWFUeXBlbWVkaWFXaWR0aGlzU3RhY2tlZE9uTW9iaWxldXNlRmVhdHVyZWRJbWFnZWlubmVyQmxvY2tzY2xpZW50SWRpc1ZhbGlkb3JpZ2luYWxDb250ZW50bmFtZWF0dHJpYnV0ZXNjb250ZW50UGx1cyBkJ2luZm8g4pa6IDxhIGhyZWY9Imh0dHBzOi8vcG93ZXJsaWNvcm5lLmZyLyIgc3R5bGU9ImNvbG9yOiNGRjMzRUQ7IiB0YXJnZXQ9Il9ibGFuayIgcmVsPSJub3JlZmVycmVyIG5vb3BlbmVyIj53d3cucG93ZXJsaWNvcm5lLmZyPC9hPmRyb3BDYXBwbGFjZWhvbGRlcmlubmVyQmxvY2tzY2xpZW50SWRpc1ZhbGlkb3JpZ2luYWxDb250ZW50bmFtZWF0dHJpYnV0ZXNjb250ZW50Q+KAmWVzdCB1bmUgYXNzb2NpYXRpb24gb3JpZ2luYWxlIHF1aSBhIHBvdXIgYnV0IGRlIGRvbm5lciB1bmUgdmlzaWJpbGl0w6kgw6AgdG91dGVzIGxlcyBwZXJzb25uZXMgTEdCVFFJQVArLCBkZSBwcml2aWzDqWdpZXIgbGEgY3LDqWF0aXZpdMOpIGV0IGzigJlpbmNsdXNpb24gcGFyIGRlcyBhY3Rpb25zIGN1bHR1cmVsbGVzIGFydGlzdGlxdWVzLmRyb3BDYXBpbm5lckJsb2NrcwUHCAQIBAgGCAUNCAeyIggHCAYIDggOCAtIAQQJCAYIBw8ECgUIDQcISQAKERALCAcPBAoHjQIHSwAIBw8ECgevBQcLCAcPBAoHCwgHDwQKBQgNBwhJAAoREAsIBw8ECgeJAgdLAAgHDwQKB74CBwsPAQQAAAEAAAABBgAAAQAAHUIBAQBBAABBAAIAQQACAEEAAEEAAEEAAgBBAAIAAkE\/AWUAfQF3EzIwMjUtMDYtMTJUMTc6MDk6MTZ3C3BhcnRlbmFpcmVzdwdwdWJsaXNofQF9AHcGY2xvc2VkdwZjbG9zZWR3AHcAdyQyYTEwYzNjNy02MjBiLTQwNzQtYTAzYS1kZjkzMmFlMGNhMWF4d7kCPGRpdiBjbGFzcz0id3AtYmxvY2stbWVkaWEtdGV4dCBpcy1zdGFja2VkLW9uLW1vYmlsZSI+PGZpZ3VyZSBjbGFzcz0id3AtYmxvY2stbWVkaWEtdGV4dF9fbWVkaWEiPjxpbWcgc3JjPSJodHRwczovL2xlam91cm5hbGRlc2FuZHkuZnIvd3AtY29udGVudC91cGxvYWRzLzIwMjYvMDQvTG9nby1WMi01MDB4NTAwLTEud2VicCIgYWx0PSJMb2dvIGxlIHBldGl0IHNpdGUgd2ViIiBjbGFzcz0id3AtaW1hZ2UtMjk0NiBzaXplLWZ1bGwiLz48L2ZpZ3VyZT48ZGl2IGNsYXNzPSJ3cC1ibG9jay1tZWRpYS10ZXh0X19jb250ZW50Ij4KCjwvZGl2PjwvZGl2PncPY29yZS9tZWRpYS10ZXh0dwRub25ldxZMb2dvIGxlIHBldGl0IHNpdGUgd2VidwRsZWZ0fYIud01odHRwczovL2xlam91cm5hbGRlc2FuZHkuZnIvd3AtY29udGVudC91cGxvYWRzLzIwMjYvMDQvTG9nby1WMi01MDB4NTAwLTEud2VicHcvaHR0cHM6Ly9sZWpvdXJuYWxkZXNhbmR5LmZyLz9hdHRhY2htZW50X2lkPTI5NDZ3BWltYWdlfTJ4eXckM2JmODViZjEtNDVmNC00NzE2LThmNjgtMjI3NTRiMTJkN2UyeHeVATxwPlBsdXMgZCdpbmZvIOKWuiA8YSBocmVmPSJodHRwczovL2xlcGV0aXRzaXRld2ViLmZyLyJzdHlsZT0iY29sb3I6I0ZGMzNFRDsiIHRhcmdldD0iX2JsYW5rIiByZWw9Im5vcmVmZXJyZXIgbm9vcGVuZXIiPnd3dy5sZXBldGl0c2l0ZXdlYi5mcjwvYT48L3A+dw5jb3JlL3BhcmFncmFwaHl3CkNvbnRlbnXigKZ3JDQzOGUyMzE2LWEwMGQtNDdhYi1hYjgyLTI3NTAwM2RlN2MyZXh3gQM8cD5DcsOpZXogdW4gc2l0ZSB3ZWIgdW5pcXVlLCByYXBpZGUgZXQgcHJvZmVzc2lvbm5lbApUcm91dmV6IHVuIHNpdGUgcXVpIHZvdXMgcmVzc2VtYmxlICEKTGUgUGV0aXQgU2l0ZSBXZWIgY3LDqWUgZGVzIHNpdGVzIHZpdHJpbmUgbW9kZXJuZXMsIGVmZmljYWNlcyBldCBwZXJzb25uYWxpc8OpcyBwb3VyIGFydGlzYW5zLCBpbmTDqXBlbmRhbnRzLCBsZXMgcGV0aXRlcyBlbnRyZXByaXNlcyBldCBsZXMgYXNzb2NpYXRpb25zLgoKRGVzaWduIHNvaWduw6ksIHLDqWbDqXJlbmNlbWVudCBvcHRpbWlzw6kgZXQgYWNjb21wYWduZW1lbnQgc3VyIG1lc3VyZSBwb3VyIGTDqXZlbG9wcGVyIHZvdHJlIHByw6lzZW5jZSBlbiBsaWduZSBlbiB0b3V0ZSBzaW1wbGljaXTDqS48L3A+dw5jb3JlL3BhcmFncmFwaHl3JDY3ZjA4YmQyLTliYTctNGFjZC1iOTY3LTBlOTM5ZWJmM2E2Nnh36wE8ZGl2IHN0eWxlPSJoZWlnaHQ6IDEwMHB4OyBkaXNwbGF5OiBmbGV4OyBhbGlnbi1pdGVtczogY2VudGVyOyBqdXN0aWZ5LWNvbnRlbnQ6IGNlbnRlcjsiPgo8ZGl2IHN0eWxlPSJ3aWR0aDogODAlOyBoZWlnaHQ6IDVweDsgYmFja2dyb3VuZDogbGluZWFyLWdyYWRpZW50KHRvIHJpZ2h0LCB0cmFuc3BhcmVudCwgI2FkN2ZjMSwgdHJhbnNwYXJlbnQpOyBib3JkZXItcmFkaXVzOiA1cHg7Ij48L2Rpdj4KPC9kaXY+dw1jb3JlL2ZyZWVmb3Jtd+sBPGRpdiBzdHlsZT0iaGVpZ2h0OiAxMDBweDsgZGlzcGxheTogZmxleDsgYWxpZ24taXRlbXM6IGNlbnRlcjsganVzdGlmeS1jb250ZW50OiBjZW50ZXI7Ij4KPGRpdiBzdHlsZT0id2lkdGg6IDgwJTsgaGVpZ2h0OiA1cHg7IGJhY2tncm91bmQ6IGxpbmVhci1ncmFkaWVudCh0byByaWdodCwgdHJhbnNwYXJlbnQsICNhZDdmYzEsIHRyYW5zcGFyZW50KTsgYm9yZGVyLXJhZGl1czogNXB4OyI+PC9kaXY+CjwvZGl2PnckZmMwYzE1OGMtMjM1Mi00NzRmLWI0ZjYtNmQ5MmVhMTljMDJieHedAjxkaXYgY2xhc3M9IndwLWJsb2NrLW1lZGlhLXRleHQgaXMtc3RhY2tlZC1vbi1tb2JpbGUiPjxmaWd1cmUgY2xhc3M9IndwLWJsb2NrLW1lZGlhLXRleHRfX21lZGlhIj48aW1nIHNyYz0iaHR0cHM6Ly9sZWpvdXJuYWxkZXNhbmR5LmZyL3dwLWNvbnRlbnQvdXBsb2Fkcy8yMDI1LzA2L3Bvd2VybGljb3JuZS5qcGciIGFsdD0iIiBjbGFzcz0id3AtaW1hZ2UtMjk0NiBzaXplLWZ1bGwiLz48L2ZpZ3VyZT48ZGl2IGNsYXNzPSJ3cC1ibG9jay1tZWRpYS10ZXh0X19jb250ZW50Ij4KCjwvZGl2PjwvZGl2PncPY29yZS9tZWRpYS10ZXh0dwRub25ldwB3BGxlZnR9gi53R2h0dHBzOi8vbGVqb3VybmFsZGVzYW5keS5mci93cC1jb250ZW50L3VwbG9hZHMvMjAyNS8wNi9wb3dlcmxpY29ybmUuanBndy9odHRwczovL2xlam91cm5hbGRlc2FuZHkuZnIvP2F0dGFjaG1lbnRfaWQ9Mjk0NncFaW1hZ2V9Mnh5dyQ5M2YwMGRhYy1iNGIxLTQ3ZmMtOGEzMi0yYTc1MGJjYjg3NjV4d5EBPHA+UGx1cyBkJ2luZm8g4pa6IDxhIGhyZWY9Imh0dHBzOi8vcG93ZXJsaWNvcm5lLmZyLyJzdHlsZT0iY29sb3I6I0ZGMzNFRDsiIHRhcmdldD0iX2JsYW5rIiByZWw9Im5vcmVmZXJyZXIgbm9vcGVuZXIiPnd3dy5wb3dlcmxpY29ybmUuZnI8L2E+PC9wPncOY29yZS9wYXJhZ3JhcGh5dwpDb250ZW514oCmdyQ3M2Y0ZWQyNC1kNGMwLTRkYjAtOWZlZi01ZWJiZTg1NWY2NTh4d84BPHA+Q+KAmWVzdCB1bmUgYXNzb2NpYXRpb24gb3JpZ2luYWxlIHF1aSBhIHBvdXIgYnV0IGRlIGRvbm5lciB1bmUgdmlzaWJpbGl0w6kgw6AgdG91dGVzIGxlcyBwZXJzb25uZXMgTEdCVFFJQVArLCBkZSBwcml2aWzDqWdpZXIgbGEgY3LDqWF0aXZpdMOpIGV0IGzigJlpbmNsdXNpb24gcGFyIGRlcyBhY3Rpb25zIGN1bHR1cmVsbGVzIGFydGlzdGlxdWVzLjwvcD53DmNvcmUvcGFyYWdyYXBoeQA=\",\"updateId\":748879122}","footnotes":""},"class_list":["post-2937","page","type-page","status-publish","hentry"],"yoast_head":"<!-- This site is optimized with the Yoast SEO plugin v27.4 - https:\/\/yoast.com\/product\/yoast-seo-wordpress\/ -->\n<title>Partenaire(s) - le journal de Sandy<\/title>\n<meta name=\"robots\" content=\"index, follow, max-snippet:-1, max-image-preview:large, max-video-preview:-1\" \/>\n<link rel=\"canonical\" href=\"https:\/\/lejournaldesandy.fr\/?page_id=2937\" \/>\n<meta property=\"og:locale\" content=\"fr_FR\" \/>\n<meta property=\"og:type\" content=\"article\" \/>\n<meta property=\"og:title\" content=\"Partenaire(s) - le journal de Sandy\" \/>\n<meta property=\"og:description\" content=\"Plus d&rsquo;info \u25ba www.lepetitsiteweb.fr Cr\u00e9ez un site web unique, rapide et professionnel Trouvez un site qui vous ressemble ! Le Petit Site Web cr\u00e9e des sites vitrine modernes, efficaces et personnalis\u00e9s pour artisans, ind\u00e9pendants, les petites entreprises et les associations. Design soign\u00e9, r\u00e9f\u00e9rencement optimis\u00e9 et accompagnement sur mesure pour d\u00e9velopper votre pr\u00e9sence en ligne en&hellip; Lire la suite\" \/>\n<meta property=\"og:url\" content=\"https:\/\/lejournaldesandy.fr\/?page_id=2937\" \/>\n<meta property=\"og:site_name\" content=\"le journal de Sandy\" \/>\n<meta property=\"article:modified_time\" content=\"2026-04-09T20:59:00+00:00\" \/>\n<meta property=\"og:image\" content=\"https:\/\/lejournaldesandy.fr\/wp-content\/uploads\/2026\/04\/Logo-V2-500x500-1.webp\" \/>\n<meta name=\"twitter:card\" content=\"summary_large_image\" \/>\n<meta name=\"twitter:label1\" content=\"Dur\u00e9e de lecture estim\u00e9e\" \/>\n\t<meta name=\"twitter:data1\" content=\"1 minute\" \/>\n<script type=\"application\/ld+json\" class=\"yoast-schema-graph\">{\"@context\":\"https:\\\/\\\/schema.org\",\"@graph\":[{\"@type\":\"WebPage\",\"@id\":\"https:\\\/\\\/lejournaldesandy.fr\\\/?page_id=2937\",\"url\":\"https:\\\/\\\/lejournaldesandy.fr\\\/?page_id=2937\",\"name\":\"Partenaire(s) - le journal de Sandy\",\"isPartOf\":{\"@id\":\"https:\\\/\\\/lejournaldesandy.fr\\\/#website\"},\"primaryImageOfPage\":{\"@id\":\"https:\\\/\\\/lejournaldesandy.fr\\\/?page_id=2937#primaryimage\"},\"image\":{\"@id\":\"https:\\\/\\\/lejournaldesandy.fr\\\/?page_id=2937#primaryimage\"},\"thumbnailUrl\":\"https:\\\/\\\/lejournaldesandy.fr\\\/wp-content\\\/uploads\\\/2026\\\/04\\\/Logo-V2-500x500-1.webp\",\"datePublished\":\"2025-06-12T15:09:16+00:00\",\"dateModified\":\"2026-04-09T20:59:00+00:00\",\"breadcrumb\":{\"@id\":\"https:\\\/\\\/lejournaldesandy.fr\\\/?page_id=2937#breadcrumb\"},\"inLanguage\":\"fr-FR\",\"potentialAction\":[{\"@type\":\"ReadAction\",\"target\":[\"https:\\\/\\\/lejournaldesandy.fr\\\/?page_id=2937\"]}]},{\"@type\":\"ImageObject\",\"inLanguage\":\"fr-FR\",\"@id\":\"https:\\\/\\\/lejournaldesandy.fr\\\/?page_id=2937#primaryimage\",\"url\":\"https:\\\/\\\/i0.wp.com\\\/lejournaldesandy.fr\\\/wp-content\\\/uploads\\\/2026\\\/04\\\/Logo-V2-500x500-1.webp?fit=500%2C500&ssl=1\",\"contentUrl\":\"https:\\\/\\\/i0.wp.com\\\/lejournaldesandy.fr\\\/wp-content\\\/uploads\\\/2026\\\/04\\\/Logo-V2-500x500-1.webp?fit=500%2C500&ssl=1\",\"width\":500,\"height\":500},{\"@type\":\"BreadcrumbList\",\"@id\":\"https:\\\/\\\/lejournaldesandy.fr\\\/?page_id=2937#breadcrumb\",\"itemListElement\":[{\"@type\":\"ListItem\",\"position\":1,\"name\":\"Accueil\",\"item\":\"https:\\\/\\\/lejournaldesandy.fr\\\/\"},{\"@type\":\"ListItem\",\"position\":2,\"name\":\"Partenaire(s)\"}]},{\"@type\":\"WebSite\",\"@id\":\"https:\\\/\\\/lejournaldesandy.fr\\\/#website\",\"url\":\"https:\\\/\\\/lejournaldesandy.fr\\\/\",\"name\":\"le journal de Sandy\",\"description\":\"biographie; transition; MtF\",\"publisher\":{\"@id\":\"https:\\\/\\\/lejournaldesandy.fr\\\/#\\\/schema\\\/person\\\/3ac659e98587e504c234a67a929b1c43\"},\"potentialAction\":[{\"@type\":\"SearchAction\",\"target\":{\"@type\":\"EntryPoint\",\"urlTemplate\":\"https:\\\/\\\/lejournaldesandy.fr\\\/?s={search_term_string}\"},\"query-input\":{\"@type\":\"PropertyValueSpecification\",\"valueRequired\":true,\"valueName\":\"search_term_string\"}}],\"inLanguage\":\"fr-FR\"},{\"@type\":[\"Person\",\"Organization\"],\"@id\":\"https:\\\/\\\/lejournaldesandy.fr\\\/#\\\/schema\\\/person\\\/3ac659e98587e504c234a67a929b1c43\",\"name\":\"Sandy\",\"image\":{\"@type\":\"ImageObject\",\"inLanguage\":\"fr-FR\",\"@id\":\"https:\\\/\\\/i0.wp.com\\\/lejournaldesandy.fr\\\/wp-content\\\/uploads\\\/2023\\\/12\\\/cropped-Logo-2048-Copie-Petite-Icone-site.png?fit=512%2C512&ssl=1\",\"url\":\"https:\\\/\\\/i0.wp.com\\\/lejournaldesandy.fr\\\/wp-content\\\/uploads\\\/2023\\\/12\\\/cropped-Logo-2048-Copie-Petite-Icone-site.png?fit=512%2C512&ssl=1\",\"contentUrl\":\"https:\\\/\\\/i0.wp.com\\\/lejournaldesandy.fr\\\/wp-content\\\/uploads\\\/2023\\\/12\\\/cropped-Logo-2048-Copie-Petite-Icone-site.png?fit=512%2C512&ssl=1\",\"width\":512,\"height\":512,\"caption\":\"Sandy\"},\"logo\":{\"@id\":\"https:\\\/\\\/i0.wp.com\\\/lejournaldesandy.fr\\\/wp-content\\\/uploads\\\/2023\\\/12\\\/cropped-Logo-2048-Copie-Petite-Icone-site.png?fit=512%2C512&ssl=1\"},\"sameAs\":[\"http:\\\/\\\/lejournaldesandy.fr\"]}]}<\/script>\n<!-- \/ Yoast SEO plugin. -->","yoast_head_json":{"title":"Partenaire(s) - le journal de Sandy","robots":{"index":"index","follow":"follow","max-snippet":"max-snippet:-1","max-image-preview":"max-image-preview:large","max-video-preview":"max-video-preview:-1"},"canonical":"https:\/\/lejournaldesandy.fr\/?page_id=2937","og_locale":"fr_FR","og_type":"article","og_title":"Partenaire(s) - le journal de Sandy","og_description":"Plus d&rsquo;info \u25ba www.lepetitsiteweb.fr Cr\u00e9ez un site web unique, rapide et professionnel Trouvez un site qui vous ressemble ! Le Petit Site Web cr\u00e9e des sites vitrine modernes, efficaces et personnalis\u00e9s pour artisans, ind\u00e9pendants, les petites entreprises et les associations. Design soign\u00e9, r\u00e9f\u00e9rencement optimis\u00e9 et accompagnement sur mesure pour d\u00e9velopper votre pr\u00e9sence en ligne en&hellip; Lire la suite","og_url":"https:\/\/lejournaldesandy.fr\/?page_id=2937","og_site_name":"le journal de Sandy","article_modified_time":"2026-04-09T20:59:00+00:00","og_image":[{"url":"https:\/\/lejournaldesandy.fr\/wp-content\/uploads\/2026\/04\/Logo-V2-500x500-1.webp","type":"","width":"","height":""}],"twitter_card":"summary_large_image","twitter_misc":{"Dur\u00e9e de lecture estim\u00e9e":"1 minute"},"schema":{"@context":"https:\/\/schema.org","@graph":[{"@type":"WebPage","@id":"https:\/\/lejournaldesandy.fr\/?page_id=2937","url":"https:\/\/lejournaldesandy.fr\/?page_id=2937","name":"Partenaire(s) - le journal de Sandy","isPartOf":{"@id":"https:\/\/lejournaldesandy.fr\/#website"},"primaryImageOfPage":{"@id":"https:\/\/lejournaldesandy.fr\/?page_id=2937#primaryimage"},"image":{"@id":"https:\/\/lejournaldesandy.fr\/?page_id=2937#primaryimage"},"thumbnailUrl":"https:\/\/lejournaldesandy.fr\/wp-content\/uploads\/2026\/04\/Logo-V2-500x500-1.webp","datePublished":"2025-06-12T15:09:16+00:00","dateModified":"2026-04-09T20:59:00+00:00","breadcrumb":{"@id":"https:\/\/lejournaldesandy.fr\/?page_id=2937#breadcrumb"},"inLanguage":"fr-FR","potentialAction":[{"@type":"ReadAction","target":["https:\/\/lejournaldesandy.fr\/?page_id=2937"]}]},{"@type":"ImageObject","inLanguage":"fr-FR","@id":"https:\/\/lejournaldesandy.fr\/?page_id=2937#primaryimage","url":"https:\/\/i0.wp.com\/lejournaldesandy.fr\/wp-content\/uploads\/2026\/04\/Logo-V2-500x500-1.webp?fit=500%2C500&ssl=1","contentUrl":"https:\/\/i0.wp.com\/lejournaldesandy.fr\/wp-content\/uploads\/2026\/04\/Logo-V2-500x500-1.webp?fit=500%2C500&ssl=1","width":500,"height":500},{"@type":"BreadcrumbList","@id":"https:\/\/lejournaldesandy.fr\/?page_id=2937#breadcrumb","itemListElement":[{"@type":"ListItem","position":1,"name":"Accueil","item":"https:\/\/lejournaldesandy.fr\/"},{"@type":"ListItem","position":2,"name":"Partenaire(s)"}]},{"@type":"WebSite","@id":"https:\/\/lejournaldesandy.fr\/#website","url":"https:\/\/lejournaldesandy.fr\/","name":"le journal de Sandy","description":"biographie; transition; MtF","publisher":{"@id":"https:\/\/lejournaldesandy.fr\/#\/schema\/person\/3ac659e98587e504c234a67a929b1c43"},"potentialAction":[{"@type":"SearchAction","target":{"@type":"EntryPoint","urlTemplate":"https:\/\/lejournaldesandy.fr\/?s={search_term_string}"},"query-input":{"@type":"PropertyValueSpecification","valueRequired":true,"valueName":"search_term_string"}}],"inLanguage":"fr-FR"},{"@type":["Person","Organization"],"@id":"https:\/\/lejournaldesandy.fr\/#\/schema\/person\/3ac659e98587e504c234a67a929b1c43","name":"Sandy","image":{"@type":"ImageObject","inLanguage":"fr-FR","@id":"https:\/\/i0.wp.com\/lejournaldesandy.fr\/wp-content\/uploads\/2023\/12\/cropped-Logo-2048-Copie-Petite-Icone-site.png?fit=512%2C512&ssl=1","url":"https:\/\/i0.wp.com\/lejournaldesandy.fr\/wp-content\/uploads\/2023\/12\/cropped-Logo-2048-Copie-Petite-Icone-site.png?fit=512%2C512&ssl=1","contentUrl":"https:\/\/i0.wp.com\/lejournaldesandy.fr\/wp-content\/uploads\/2023\/12\/cropped-Logo-2048-Copie-Petite-Icone-site.png?fit=512%2C512&ssl=1","width":512,"height":512,"caption":"Sandy"},"logo":{"@id":"https:\/\/i0.wp.com\/lejournaldesandy.fr\/wp-content\/uploads\/2023\/12\/cropped-Logo-2048-Copie-Petite-Icone-site.png?fit=512%2C512&ssl=1"},"sameAs":["http:\/\/lejournaldesandy.fr"]}]}},"jetpack_sharing_enabled":true,"jetpack_likes_enabled":true,"_links":{"self":[{"href":"https:\/\/lejournaldesandy.fr\/index.php?rest_route=\/wp\/v2\/pages\/2937","targetHints":{"allow":["GET"]}}],"collection":[{"href":"https:\/\/lejournaldesandy.fr\/index.php?rest_route=\/wp\/v2\/pages"}],"about":[{"href":"https:\/\/lejournaldesandy.fr\/index.php?rest_route=\/wp\/v2\/types\/page"}],"author":[{"embeddable":true,"href":"https:\/\/lejournaldesandy.fr\/index.php?rest_route=\/wp\/v2\/users\/1"}],"replies":[{"embeddable":true,"href":"https:\/\/lejournaldesandy.fr\/index.php?rest_route=%2Fwp%2Fv2%2Fcomments&post=2937"}],"version-history":[{"count":10,"href":"https:\/\/lejournaldesandy.fr\/index.php?rest_route=\/wp\/v2\/pages\/2937\/revisions"}],"predecessor-version":[{"id":4316,"href":"https:\/\/lejournaldesandy.fr\/index.php?rest_route=\/wp\/v2\/pages\/2937\/revisions\/4316"}],"wp:attachment":[{"href":"https:\/\/lejournaldesandy.fr\/index.php?rest_route=%2Fwp%2Fv2%2Fmedia&parent=2937"}],"curies":[{"name":"wp","href":"https:\/\/api.w.org\/{rel}","templated":true}]}}